(11 - 2)) - 16?
-37
(100 - -50 - 57) + -78
15
What is -25 + -21 + 103 + -9 - (-2 + -6)?
56
Evaluate 17 - (-9 - -28) - ((47 - -7) + 11 + -5).
-62
-16 - 0 - (48 + 13 - 42)
-35
Evaluate 6 + 14 - (11 + -9 + -26).
44
420 - 435 - (6 - -2 - 2)
-21
What is the value of -145 + 163 - ((3 - (7 - 12)) + 40)?
-30
What is (-2 - -17 - 1) + 1105 + -1082?
37
What is the value of 38 + -12 + -29 + -14 + 30?
13
Calculate -31 - 1 - (47 - (206 + -120)) - (-51 + 0).
58
What is the value of -12 + 0 - (-15 + (-15 - -15))?
3
Calculate 61 - (94 + -97 + -9 + 9 + -6 + -5).
75
What is 7 + (71 - 15) + (-27 + 7 - -6)?
49
What is the value of 0 + 2 + (-98 - 87) + 163?
-20
What is the value of -244 + 236 + -10 + 16 + 0 + -46?
-48
Evaluate -5 + -6 + -16 + 36 + -12.
-3
-69 - (-15 - (41 + -64 - -26))
-51
What is 14 - -41 - 38 - 8?
9
Calculate -5 + 88 + (-37 - -30) - ((0 - 0) + -11).
87
What is the value of 1 + -6 - (107 - (134 - 57))?
-35
Evaluate 16 - (-17 + -94 + 235).
-108
Calculate 4 - 6 - (-452 + 416).
34
What is the value of -2 + 7 + -13 + (-48 - -1)?
-55
Evaluate 7 + (-31 - -49) - 24.
1
Evaluate 67 - (-14 - (-18 + 14 + -27)).
50
Evaluate -17 - (4 - (26 - 12 - 10)).
-17
What is 3 + -3 + 20 + (36 - 69) + (18 - -9)?
14
(93 - 40) + (0 - 23 - -8)
38
What is the value of (2 - (-13 + (3 - -22))) + -2 + 66?
54
6 - -36 - (-49 + 85)
6
Calculate (-12 - (10 + -19 + -10)) + (1 - 42) - -4.
-30
Calculate (839 - 818) + (-1 - -2).
22
Calculate -1330 - -1308 - (5 + 0).
-27
Evaluate 7 + -75 + (35 - (-18 + 38)) + -19.
-72
-9 + ((-7 - -17) + 3 - 1) - 7
-4
-1 + -82 - (191 - (195 - -4))
-75
Calculate (1 - -1 - 0) + 6434 + -6445 + 4.
-5
Calculate (2 - -2) + -44 - (-11 + (21 - -21) + -28).
-43
What is the value of -90 + (5 - 34) + 61 + -16?
-74
Calculate 13 - 3 - ((-33 - 28) + 25 + (1 - 11)).
56
What is the value of (2596 - 2597) + (-11 - 0) + 2 - 45?
-55
Evaluate 9 + (-93 - -81) + (-5 - (-84 - -4)).
72
What is the value of 45 - ((-442 - -388) + (-1 - 9))?
109
Evaluate -63 + (10 - 6) + 73 + -57.
-43
What is -68 - ((47 - 23) + -50)?
-42
Calculate (-76 - -26) + -26 + 8 + 24.
-44
Evaluate -25 + -35 + 98 + -61.
-23
-375 + 366 + (2 - -11 - -2)
6
What is the value of (-78 - (-9 + (-16 - -40) + -6)) + 16?
-71
Calculate -8 - (-4 - (52 - 60 - (2 - (-6 + -63)))).
-83
What is the value of 12 + -103 + (-78 - -146)?
-23
Calculate (-25 - -7) + 20 + -13 + 35 + -6.
18
What is -12 + (-8 - -83) - (-2 + 1 + 8)?
56
-1 + -7 + (1 - 18) - -14 - -2
-9
3 - 10 - (-7 - ((1 - -54) + 0 + 0))
55
What is (-2 + (1 + 1 - 1) - -1) + (18416 - 18401)?
15
What is -4 - (-8 - (-5 + 3)) - (6 + -1) - -41?
38
What is the value of -6 + -58 + (1 - -42)?
-21
Evaluate -75 + (-2 + 55 - (17 + 14)).
-53
Evaluate -2 + 10 + (-6 - (7 + 7 - 119) - -3).
110
Calculate 6 - (4 - 2 - ((22 - 23 - 21) + 12)).
-6
Calculate 1 + -8 + -21 + 20 + (-11 - -6) + 6.
-7
Calculate -7 + 1 - (10819 + -10880).
55
Evaluate -8 + -225 + 88 + 70.
-75
What is the value of -66 + 19 + (-47 - -17) - -22?
-55
Evaluate 67 + -37 + -11 - 86.
-67
Evaluate 36 - (-6 - -37) - (2 + 13).
-10
3 + -12 + (0 - -1) + (113 - (18 + 3))
84
-17 + (-12 - (16 - 24)) + 14 + 112
105
What is the value of 0 + -111 - (-91 + 265 + -191)?
-94
What is 51 + (83 - 44) + -51?
39
What is (-120 - -147 - (2 - -14)) + 3 + (-4 - 92)?
-82
Calculate -57 + 120 + (5 - (-9 + (7 - -9 - -4))).
57
Evaluate 2 + (44 - 31) + (27 - (5 + 0)).
37
What is 8 + -1 - (28 - 22) - (3 - -6) - 7?
-15
Calculate 36 - (-20 - -75) - (-1 + 6 - (1 - 1)).
-24
Evaluate 1 - ((16 - -1 - (-12 - 7)) + 17).
-52
Evaluate 17 - 1 - (-13 + (-33 - -30)).
32
Calculate 1 - (69 + (-55 - -30)).
-43
What is the value of (404 - 387) + (-1 - 4)?
12
Calculate (-5 - -11) + -3 - (5 + 1 + (8 - -7)).
-18
Calculate 78 + (23 - 30) + -72.
-1
What is -143 + -55 + 105 + 166?
73
What is the value of (27 - (-51 - -69)) + -36?
-27
Evaluate -258 + 287 - (34 - 2) - -25.
22
What is (6 + 13 - -54 - -13) + -18 + 19?
87
Calculate 46 + 8 + 53 + -68.
39
What is the value of 69 - 2 - (-92 - -80 - (-3 - 2))?
74
Evaluate (11 - 60 - -7) + 44.
2
What is 0 - -33 - -1 - (-41 - -50)?
25
-15 + 41 + -29 + 7 + 32
36
What is the value of -15 + 5 + (36 + -12 - (-17 - -6))?
25
What is (8 - 25) + (21 - 3) + -12?
-11
-18 + 12 + -16 - (-19 - -58)
-61
Calculate (-1 + 31 + -34 - -45) + -26.
15
Evaluate (-46 - (-1 - (11 + -18) - 19)) + 6.
-27
What is the value of -10 - -10 - (0 + 14 + 5)?
-19
-21 + (-13 + 26 - (-1 - -31))
-38
What is (20 - 29 - -17) + -33?
-25
What is the value of -95 + 49 - -73 - 31?
-4
What is (-10 - (-11 - -2)) + (139 + -12 - 39)?
87
86835 - 86886 - (-3 + (0 - -1))
-49
Evaluate 43 + (4 + -53 - 18).
-24
Calculate -96 + 155 - ((-8 - -4) + 15).
48
What is the value of 15 - ((-33 - 2) + 14)?
36
What is the value of (0 - -10) + -19 + (13 - -24) + -38?
-10
What is -25 + (32 - (-58 - -26))?
39
Evaluate (-30 - 16 - 51) + 90.
-7
-34 - (-73 + 34) - (12 + -1)
-6
What is the value of 8 + (4 - (-45 - -68))?
-11
What is the value of -3146 + 3106 + (-1 - -12)?
-29
163 + 19 + -57 - 66
59
Evaluate -6 + 0 + (299 - 334) + -1.
-42
Calculate -62 - (30 + (21 - 48)) - -29.
-36
Evaluate 26 + (23 - -10) + -56.
3
-12 - ((-6 - (8 + -9)) + (66 - 10))
-63
What is -45 + (-120 - -114) + (9 - 1)?
-43
What is the value of 1274 + -1385 - (15 + -4)?
-122
(5 - 4 - -9) + 0 - ((80 - 137) + -68)
135
What is the value of 2 + 5 + (9 - 3) + 22 + 3 + 7?
45
What is the value of 23 + (-17 - 45) + (6 - 7)?
-40
Evaluate (178 - (31 - 33)) + -47 + 1 + -4 + -10.
120
Evaluate 116 + -55 - (-10 + -9 - (-5 + -2)).
73
Evaluate -168 - -177 - (-35 - (3 - ((0 - -4) + 2))).
41
Evaluate (-2 - -1 - (-12 - (-10 - (-13 - -10)))) + 42.
46
13 + (27 - 48) - -87
79
Calculate 0 + (-10 - -70) - 4.
56
What is the value of -19 - (1 + 27 + (10 - 14))?
-43
-3 - 0 - (10 + 15 + -1 + -13)
-14
-36 - ((-20 - -46) + 68) - -20
-110
Calculate 41 + -21 + -25 + -63.
-68
Calculate 25 + -13 - (37 + -2 + 12).
-35
What is the value of (-2 - 5) + (-4 - 0) - (-609 + 540)?
58
-39 + (65 - -10 - 35)
1
Evaluate 13 + (13 - 10) + -5 + (26 - -21).
58
What is -48 - -1 - (-131 + 25 - -88)?
-29
What is the value of 3493 + -3515 - (-2 + 14 + -2)?
-32
Calculate (-1886 - -1986) + -93 + 1.
8
Calculate 81 + -34 + (-1 - (1 + -11 - -15)).
41
Evaluate (-526 - -530) + (-17 - 0) + -3.
-16
What is 45 + -4 + -4 - -4 - (2422 + -2417)?
36
What is the value of 11 - ((-9 - (12 + 6)) + 13 + 80)?
-55
Evaluate (-168 - (-473 + 166)) + (-2 - 36).
101
Calculate (-4 - (5 + 23) - (8 + 2)) + 16 + -8.
-34
Calculate -1 - -24 - (-7642 - -7604).
61
-64 - (-24 + 37 - 44)
-33
Calculate 0 + 0 + 72 + 14 + -13 + 3 + -12.
64
Evaluate -73 + 10 - (6 - (1 + 37)).
-31
Evaluate 11 + 24 + (-21 - 10).
4
What is the value of -4 + (38 - -7 - 52)?
-11
Evaluate 16 - ((-3 - -8) + -8 - 6 - -4).
21
What is the value of -19 + 25 + -5 + -11 + -12?
-22
(-20 - (-27 + -62)) + -125
-56
What is the value of (1 - -54) + (5 - (-2 - (7 + -6))) + -12?
51
Evaluate (-28 - 208 - -226) + (1 - 80).
-89
What is the value of -4 - (-48 - 10) - (2 + -6 + 0)?
58
What is (-526 - (400 - 930)) + (1 + -1 - -13)?
17
What is (-7 - -1) + 25 + 138 + -126?
31
Evaluate 29 - (22 - 20 - 16 - -20).
23
What is 16 + (-10 - -54 - (18 - 7 - 8))?
57
Calculate (-80 - (-197 + 139)) + (20 - -1).
-1
Calculate -95 - (6 - 36 - 22).
-43
Calculate 3 + 32 + (0 - 0 - (54 + -56)).
37
4 + 3 + 30 + 3 + -23 + 22
39
Evaluate 3 - (65 + (-11 - 1 - (23 - (-10 - -31)))).
-48
What is the value of 145 - (125 - 76 - -46)?
50
Calculate -12 - (-9 + 3 - -3) - (31 - -1).
-41
-1803 + 1765 + (5 - (-2 + 0)) + -2
-33
Calculate (53 - 60) + (0 - 0) - (-89 + -9) - -7.
98
What is 16 + -12 - ((-1 - 2) + (119 - 117))?
5
2 + 0 + -21 - (335 + (-50 - 158))
-146
Calculate (2 - 4) + (442 + -380 - (-1 + 47)).
14
-10 + 1 + (53 - (-16 - -49))
11
What is (423 - 412 - (-3 - -53)) + 135?
96
-90 - -99 - (6 - (34 - 3)) - (-11 - 0)
45
-146 + -45 + -43 + 230
-4
What is (-22 - -46) + -10 + -13 - (-6 + -2)?
9
What is the value of (58 - (108 + -52)) + 2?
4
What is the value of 30 + (-31 - (27 + -45 + -1))?
18
What is the value of (-15 - -38) + -34 + (3 - (-23 - -12))?
3
What is the value of 7 + -4 - 4 - -34?
33
Calculate 0 + 13 - (1120 - 1119) - -21.
33
What is 7 + 2 + -1 + (2 - (-32 - 16))?
58
What is -89 + (112 - 36) - (7 - 118)?
98
Calculate -59 + (-5302 + 5324 - (-1 - (-2 - 1))).
-39
(-83 - 2) + 100 + (0 - -